late the highest common factor of g and 16.
16
Suppose -3*w = w - 20. Let v be (9616/200 - -67) + 2/(-25). What is the highest common divisor of w and v?
5
Suppose 5*r = 4*b + 9, 5*r = b + 27 - 6. Let j(k) = 0*k + 0*k + 2*k - r - 4*k. Let a be j(-3). What is the greatest common divisor of 13 and a?
1
Suppose -194*y + 60*y + 109478 = 0. What is the greatest common factor of y and 209?
19
Let x(m) = -m**2 - 92*m - 799. Let z be x(-60). What is the greatest common divisor of z and 19?
19
Let a be (1 + -2)*(8 - 8). Let j be (9 + a)/(3/100). What is the greatest common factor of j and 120?
60
Suppose -36 = 5*s - 9*s. Suppose s*r - 437 = -266. What is the greatest common factor of 133 and r?
19
Let i = 5972 + -2462. What is the highest common divisor of 130 and i?
130
Let k(d) = d**3 + 8*d**2 - 6*d + 7. Let p be k(-5). Let z be (-239)/(-3) - ((-24)/(-36) - 1). Calculate the highest common divisor of p and z.
16
Let x = 2352 - 2283. Calculate the highest common divisor of x and 1058.
23
Suppose -d - 6 = d - 3*a, 3*d + 2*a = 4. Suppose 13*k - 810 + 290 = d. Calculate the greatest common divisor of 50 and k.
10
Suppose -30*d = 11*d - 20*d - 35217. What is the highest common divisor of d and 215?
43
Suppose -271*h + 538*h = 260*h + 931. What is the highest common factor of h and 28?
7
Suppose -79378 + 65806 = -9*f. What is the greatest common factor of 208 and f?
52
Let r = 121 - 53. Suppose -2*u + 244 - r = 4*v, u - 2*v - 72 = 0. Suppose 31*s + 1104 = 15*s + 39*s. What is the greatest common factor of u and s?
16
Let g = -89 + 125. Let a = -2177 - -2429. Suppose 32*x - g*x + a = 0. Calculate the highest common factor of x and 9.
9
Suppose -4*l = -6*l + 6. Suppose -l*k - 5*k = -272. What is the greatest common factor of k and 306?
34
Suppose 0 = -13*r - 1598 + 5485. Let u = r + -201. What is the highest common factor of 56 and u?
14
Suppose -3*c - p + 7555 + 6050 = 0, -2*p = 2*c - 9066. What is the highest common factor of 147 and c?
21
Let l(a) = -a**3 + 12*a**2 + 5*a - 44. Let q be l(12). Let k be 2*2/(q/36). Calculate the greatest common divisor of k and 51.
3
Suppose -12*q + 39278 + 21882 = 3884. Calculate the greatest common divisor of 111 and q.
111
Let j = -10175 - -10193. Calculate the greatest common factor of j and 414.
18
Let n(d) = -d**3 - 18*d**2 - 9*d - 37. Let r be n(-18). Suppose 15 + r = 5*v. What is the highest common factor of v and 12?
4
Suppose -178 = 21*i + 137. Let b be (-605)/i - (-2)/12*-2. What is the highest common factor of b and 10?
10
Suppose 0 = -6*c - 2*d + 636, 5*d = -c + 3*c - 178. What is the highest common divisor of 472 and c?
8
Let o(n) = -4*n - 1. Let f be o(2). Let q be 144/3 - (-15 - f). Calculate the greatest common factor of q and 54.
54
Let i(n) = 11 + 9*n + 12*n + 7*n**2 - n**3 - 30*n + 8. Let o = 7 - 1. Let b be i(o). Calculate the highest common factor of b and 9.
1
Let n = 1920 + -1140. Calculate the highest common divisor of 180 and n.
60
Suppose 271*d + 2904 = 265*d. Let b = d - -826. What is the greatest common divisor of b and 38?
38
Suppose 3*f - 82*f = -9638. What is the highest common divisor of 2684 and f?
122
Suppose -1214*u + 1223*u - 3132 = 0. What is the highest common divisor of 16 and u?
4
Let c be (-10 + -1)/(6534/(-408) + 16). What is the highest common factor of 136 and c?
68
Suppose -118 = 41*v - 774. What is the greatest common divisor of 16144 and v?
16
Let i = 5778 - 5168. Calculate the greatest common divisor of i and 110.
10
Suppose 20*u - 27*u = -14. Suppose 0 = u*n - 4*i - 556, 1396 = 4*n + n - 4*i. Let z be 83/3 - (-1)/3. Calculate the greatest common divisor of n and z.
28
Suppose -26*q + 9792 = -2*q. Suppose 85 = -4*o + 289. Calculate the highest common factor of q and o.
51
Let w = -8 + 9. Suppose 5*d = 2*l - w, -8 = 4*l - 2*l + 4*d. Let m be l/10 - 209/(-95). Calculate the highest common factor of m and 3.
1
Let a be ((8/(-20))/1)/(1/(-20)). Suppose -a*p + 4*p = 2*f - 46, 2*f - 21 = p. Let v = 267 + -241. Calculate the highest common factor of v and f.
13
Let s(y) = -10*y**3 - 10*y**2 + 18*y + 474. Let n be s(-11). Calculate the greatest common divisor of n and 8.
8
Let r = 231 - 82. Suppose -4*l + 72 = 5*b - r, -5*b - 133 = -2*l. Calculate the highest common factor of 295 and l.
59
Suppose -4*x = -j - 3051, -3*j - 1 = -4. Let c be ((-14469)/42)/(-53) + 3*3/18. What is the greatest common factor of c and x?
7
Let z(q) = 2*q**2 + 2*q + 8 + 2*q**3 - 9*q - 2 - q**2. Let k be z(2). Let h be 2/(-5) + 186/15. Calculate the greatest common factor of h and k.
12
Let m = 72 + -61. Let i be m/7 + 52/(-91). Suppose -4*f - 1 = 3*v, -v + 1 = 3*v + 3*f. What is the highest common divisor of v and i?
1
Suppose 0 = 593*w - 629*w + 540. Calculate the highest common divisor of 95 and w.
5
Let w = 36 + 604. Suppose 1220 = -2*h - 3*h. Let g = w + h. What is the greatest common factor of 36 and g?
36
Suppose -21 = -t - 0*t. Let z = 56 - t. What is the highest common factor of 20 and z?
5
Let d be (2164/(-5) - 4)*(-340)/102. Calculate the greatest common factor of d and 126.
14
Suppose -11*f - 338 = -1218. Let k = 33 - 10. Suppose f = t + k. Calculate the greatest common divisor of 38 and t.
19
Suppose 3*a + 64 = f, -2*a = -5*a + 2*f - 65. Let h be 4/3*(a/(-14) + 0). Let q be 180/24*h*(-22)/(-5). Calculate the greatest common factor of q and 6.
6
Let x = 23530 - 14076. Calculate the greatest common factor of 116 and x.
58
Let s be (411 - -1)*((-3)/2 + 1). Let b = -202 - s. Suppose 5*q - 207 = -7. Calculate the greatest common divisor of q and b.
4
Let v be (28/(-11))/7*-11. Suppose r + 6669 = 5*s, v*s + 2*r - 6657 = -s. What is the greatest common factor of 31 and s?
31
Suppose 5*p - 50 = 35. Let f(k) = 20*k + 31. Let g be f(1). Calculate the highest common divisor of g and p.
17
Suppose -8 = 13*i + 5. Let b be 7 - (i/3 + (-20)/(-6)). Suppose 3*r = -b*u + 998, 0*r + 1316 = 4*r - 2*u. Calculate the highest common divisor of r and 30.
30
Let l(h) = h**2 - 24*h - 71. Let r be l(27). Suppose 0 = 2*f + 8, s - 11 + 0 = 4*f. Let n = s - -15. What is the highest common divisor of r and n?
10
Let b(c) = c**2 + 2. Let p be b(-2). Suppose -p*r + r + 75 = -2*g, r = -4*g + 15. What is the greatest common divisor of 30 and r?
15
Suppose 42 = h - 6. Let x = -21 + 1. Let s be (-2)/x + 1190/100. What is the greatest common divisor of h and s?
12
Suppose -3495 = -14*w + 6361. Calculate the highest common factor of w and 616.
88
Suppose 5 = 3*n - 7. Let g(s) be the second derivative of -s**4/12 - 13*s**3/6 - s**2 - 16*s. Let c be g(-11). Calculate the highest common factor of c and n.
4
Suppose -5*r - c - 16 = -2*c, 2*r + 2*c + 16 = 0. Let u be ((-6)/r)/(0 + (-30)/(-1400)). What is the greatest common factor of 20 and u?
10
Suppose 4*v + 296 = 3*r, 36*r - 34*r - 3*v - 199 = 0. Suppose 0 = -k, -4*k + 8*k = d - 4. What is the greatest common factor of r and d?
4
Suppose -2*f - s = -158, -2*f + s + 388 = 3*f. Let j be (9856/(-66))/(-32)*36/7. Calculate the highest common divisor of j and f.
6
Let p = 69 - 54. Let u(v) = -v**2 - 6*v + 6. Let x be u(-6). Let j be x - (2/(-2) - (0 + -1)). What is the highest common factor of j and p?
3
Let f be 12/((870/54 - 16) + 5/198). Calculate the highest common factor of 1254 and f.
22
Suppose 4*q - 3*u + 11 = 0, 3 = -2*q - u - 0*u. Let d = q + 10. Let i be (-8)/(24/(-39)) - -43. What is the highest common factor of d and i?
8
Suppose i - 4 = 4. Let a(u) = -3. Let d(h) = 4*h - 9. Let r(f) = -2*a(f) + d(f). Let k be r(i). Calculate the greatest common factor of k and 319.
29
Suppose -65*w + 2372 + 358 = 0. Calculate the highest common divisor of 894 and w.
6
Let p = -3537 - -3561. What is the highest common factor of 4236 and p?
12
Suppose -1988910 = -36*z - 62*z. Calculate the highest common factor of 45 and z.
45
Suppose -b = 31 - 43. Let g be ((-792)/b)/(-1*(-2)/(-13)). Calculate the highest common divisor of 39 and g.
39
Let n(p) = -23*p + 114. Let q be n(5). Let v be (q/(-1) - (4 - -11))/(-1). What is the highest common factor of v and 350?
14
Let o be (-32)/((-19)/9 - -2). Suppose g - 9 = -2, 42*x - 157 = 39*x + 5*g. Calculate the greatest common divisor of o and x.
32
Let m(p) = p**3 - 6*p**2 + 13*p - 96. Let a be m(9). What is the highest common divisor of a and 4818?
66
